test common factor of i and 84?
42
Let y(x) = -x**2 - 23*x + 25. Let g be y(-13). What is the greatest common divisor of 31 and g?
31
Let a(j) = -j**3 + 8*j**2 + 18*j + 3. Let g be a(9). Calculate the greatest common divisor of g and 210.
42
Suppose 847 = 4*p + 767. Suppose 3*u = 5*c + 180, 0*u + 2*u + c - 120 = 0. Calculate the highest common factor of p and u.
20
Let f = 401 - 357. What is the greatest common factor of f and 33?
11
Suppose 4*r + 16 = -0, -4*r + 84 = d. Suppose 4*c - 9*c = -d. What is the greatest common factor of c and 4?
4
Let l be 1/2 - (-10)/(-20). Let s = 8 - l. Suppose 4*c = 6*c + 4*g - 16, -3*g - s = -c. What is the highest common divisor of 8 and c?
8
Suppose 0 = -4*m - c + 120, 7*m - 142 = 5*c + 68. What is the highest common factor of 48 and m?
6
Suppose 5*v + 12 = -4*g, 4*v + 0*g + 9 = -3*g. Suppose 2*b = -5 + 11, -4*z + 142 = 2*b. Suppose v = -o + 2 + z. Calculate the greatest common factor of o and 4.
4
Suppose -4*d + 9*d - 35 = 0. Suppose -c = 3*y - 43, -y - 3*y = c - 57. What is the highest common factor of y and d?
7
Let i be 2/(3 + (-4)/4). Let v(x) = 2*x + 6. Let g be v(i). What is the highest common divisor of g and 136?
8
Suppose 0 = -k - 2*u + 24, -5*k + 7*u + 45 = 2*u. Let p(a) = -k*a**3 - a**3 - a**2 - 6*a**3. Let r be p(-1). Calculate the highest common factor of 60 and r.
20
Let n = -80 - -182. Calculate the highest common factor of 68 and n.
34
Let h be (0 + 1 + -2)*-1. Suppose 2*t - x - h = 0, -t + 5*t + 4*x = 8. Calculate the greatest common divisor of t and 4.
1
Suppose -5*s + 2*a - 27 = 39, -5*a = 4*s + 33. Let i be s/8 - 5/4*-46. Let d be ((-8)/(-12))/(4/42). Calculate the highest common factor of i and d.
7
Let n = -1424 - -2148. Let o be n/30 - (-14)/(-105). Calculate the greatest common factor of o and 16.
8
Suppose 14*b - 2*b = 2904. Calculate the greatest common factor of b and 2.
2
Let x(w) be the third derivative of w**6/60 - w**5/30 - 5*w**4/24 + 11*w**3/6 - 12*w**2. Let v be x(3). Calculate the greatest common factor of v and 16.
16
Let r(v) = 8*v + 2*v**2 - v**2 - 2 + 9*v - 14*v. Let c be r(-4). Let s be c/5 - 1316/(-10). Calculate the greatest common divisor of s and 33.
33
Suppose 30 = 2*u + 4*y - 80, 220 = 4*u + 2*y. Suppose 5*i + 15 = u. Calculate the greatest common divisor of i and 16.
8
Suppose -2738 = -4*o + 5*l, 0 = -8*o + 12*o + 5*l - 2718. Calculate the greatest common divisor of o and 62.
62
Let z(a) = a**2 - 4*a. Suppose 0 = -2*x - 5 - 1. Let f be z(x). Calculate the highest common divisor of f and 231.
21
Let z = 105 - 76. Suppose 19 + 1 = 5*m, 5*u - 73 = -2*m. Let b = u + z. What is the greatest common factor of 6 and b?
6
Suppose -5*r + 19 = 2*u - 6*u, 5*r - 12 = -3*u. Let t(p) = -p**3 + 3*p**2 + 2*p + 4. Let k be t(r). What is the greatest common divisor of k and 90?
10
Let m(k) = 4*k**2 + 11*k - 3. Let i(x) = -x**2 + x. Let j(c) = -3*i(c) - m(c). Let p be j(-11). Calculate the highest common divisor of p and 12.
12
Let h(x) = x**3 + 8*x**2 - 2*x - 12. Let f be h(-6). Suppose 113 = 3*j - 2*z, 4*z = 4*j - f - 84. What is the greatest common divisor of 35 and j?
35
Suppose -v = -6*v. Suppose 0*l + 4*l + 12 = v, 105 = -5*j - 5*l. Let q = j + 32. Calculate the highest common divisor of q and 35.
7
Let f = -16 + 38. Let m = f + -12. Calculate the greatest common divisor of m and 25.
5
Let u be (12/(-8))/(1/(-18)). What is the highest common factor of u and 216?
27
Suppose -3*f + 41 = a - 20, 4*f = -2*a + 82. Let p(g) = 6*g**2 - 1. Let s be p(1). Suppose s*o - 31 = 9. What is the greatest common factor of f and o?
4
Let q be 65/2 - 9/(-18). Let j be 2 + 2 + -2 + 291/3. Calculate the highest common divisor of q and j.
33
Let g = -22 - -36. Suppose 4*r = g + 50. Calculate the highest common divisor of 4 and r.
4
Let b = -1554 - -1784. Calculate the greatest common divisor of 30 and b.
10
Suppose 3*p = 2*w + 1, p + 2*p = w - 4. Let i = p + 139. Calculate the greatest common divisor of 17 and i.
17
Let g = 26 + 1. Let h(u) = -81*u - 4. Let n(j) = -323*j - 15. Let r(b) = 9*h(b) - 2*n(b). Let t be r(-3). What is the highest common divisor of t and g?
27
Suppose b - 3*n + 5*n = 11, 5 = n. What is the greatest common factor of 13 and b?
1
Suppose -3*x + y + 7 = -0*x, -y + 17 = 5*x. Suppose x*l - 6*l - 3*j = -159, 2*j = 8. What is the greatest common divisor of l and 7?
7
Let b = -559 + 640. What is the greatest common divisor of 567 and b?
81
Suppose -5*o + 213 = -2*d + 22, 0 = -4*o - 5*d + 166. Calculate the greatest common factor of 299 and o.
13
Let g = 19 + -11. Suppose -6*m - 1241 = -1253. Calculate the highest common factor of g and m.
2
Let m be 0/2 + 1 - (-14272)/64. Calculate the greatest common divisor of 32 and m.
32
Let m = 165 + -99. Suppose 12*h = 5*h - 343. Let k = h - -55. What is the highest common factor of m and k?
6
Suppose 111 = 14*t + 23*t. What is the highest common divisor of t and 81?
3
Suppose 44*u - 48*u - 104 = 0. Let n = -15 - u. Calculate the highest common factor of n and 11.
11
Suppose 21 = -f - 20. Let g = 46 + f. Calculate the highest common factor of 40 and g.
5
Suppose f = 3*a - 191, -2*f = -f + 4*a + 163. Let b = f + 329. What is the highest common divisor of b and 30?
30
Let y(d) = -d**3 - 3*d**2 + d + 19. Let x be y(-5). Calculate the greatest common divisor of x and 24.
8
Suppose -2*y + 29 = -79. Suppose 0 = 3*m - 5*m + y. What is the highest common factor of m and 135?
27
Let y = 315 - 165. Calculate the greatest common divisor of y and 6.
6
Suppose 3*r = r + 12. Let i(o) = r - 2*o + 2*o + 4*o. Let c be i(3). What is the greatest common divisor of 18 and c?
18
Suppose 0 = 2*v + 5*v - 35. Suppose -u - 4 = 0, 0 = v*c - 4*u - 27 - 49. Calculate the highest common factor of c and 24.
12
Let w = 222 - 210. What is the greatest common factor of w and 84?
12
Suppose 15*n - 12 = 14*n. Calculate the highest common divisor of 324 and n.
12
Let y(j) = j**2 - j - 236. Let m be y(16). Calculate the greatest common factor of m and 34.
2
Suppose n = -2*a - 0*a + 21, 33 = a + 5*n. Let b(y) = y**2 + y + 4. Let p be b(a). Suppose 5*k - 351 = -p. What is the greatest common factor of 5 and k?
5
Let y = 116 + -81. Calculate the greatest common divisor of 35 and y.
35
Let r(v) = -v**2 - 4*v - 3. Let x be r(-2). Let u = 31 + x. Calculate the highest common divisor of 4 and u.
4
Let q = 71 + -39. Let y = 208 + 352. Suppose -3*h + y = 4*h. What is the highest common factor of h and q?
16
Suppose 0 = -5*d + 3*d + 956. Suppose -3*f + f = d. Let j = -149 - f. Calculate the greatest common divisor of j and 60.
30
Let c(q) = -q**3 + 12*q**2 + 13*q + 2. Let y be c(13). What is the highest common factor of y and 18?
2
Let v be (-2)/8 - (-122)/8. Let s = -4 + 8. Let k(l) = -l**3 + 8*l**2 - 4*l - 3. Let o be k(s). What is the highest common factor of v and o?
15
Let b be 2/(((-9)/18)/(1/(-2))). Suppose 10 = -j + 3*p + 41, -73 = -b*j - 5*p. Calculate the highest common factor of j and 306.
34
Let d = 271 + -51. What is the highest common divisor of d and 120?
20
Let t = -4 - 29. Let s be (t/6)/((-1)/2). Let v = -172 + 260. Calculate the highest common factor of s and v.
11
Let c be 1/(-3*(-2)/138). Calculate the highest common divisor of c and 391.
23
Suppose 0 = -o + 2*o - 4*x - 36, 3*o = x + 53. What is the greatest common factor of o and 12?
4
Let f(j) = 3*j. Let t be f(0). Let q(i) = i**2 + 14. Let o be q(t). Calculate the highest common factor of o and 14.
14
Let r(y) = 2*y**2 + 15*y - 122. Let n be r(-13). Suppose 7*s - 2*s = 35. What is the greatest common divisor of s and n?
7
Suppose 3*s = 3*z - 14 + 38, 4 = 2*s. Let n = 18 + -3. Let i = z + n. What is the greatest common divisor of i and 27?
9
Let j = -167 - -285. Let v = j + -84. Calculate the greatest common factor of 85 and v.
17
Let x(r) = 54*r. Let l(w) = 27*w. Let i(p) = -5*l(p) + 3*x(p). Let k be i(4). Suppose 0*c = 3*c - k. Calculate the greatest common divisor of c and 4.
4
Suppose k + 3*k = 64. Let u(z) = 2*z**3 - 5*z**2 - 7*z - 2. Let r be u(5). Let o = 104 - r. Calculate the highest common factor of k and o.
16
Suppose 0*i - 2*i + 10 = 0. Suppose a + 24 + 4 = i*l, -l + 10 = 2*a. Let t be 3/l - (-158)/4. Calculate the highest common divisor of t and 60.
20
Let v be ((-2)/3 - -1)/(15/225). Suppose 0 =